a multiple of 5238?
True
Is 463474575 a multiple of 675?
True
Is 84 a factor of 3373860?
True
Is 206 a factor of 15504997?
False
Is 141 a factor of 190727316?
True
Is 4948220 a multiple of 391?
False
Does 172 divide 35114832?
True
Is 529 a factor of 1846340663?
True
Is 569 a factor of 114654638?
True
Is 10871780 a multiple of 661?
False
Is 567769714 a multiple of 6?
False
Is 73 a factor of 10098528?
True
Is 25095634 a multiple of 33?
False
Is 815 a factor of 3390234680?
False
Is 560 a factor of 1272428473?
False
Does 289 divide 311037984?
True
Is 2836678 a multiple of 97?
False
Is 56 a factor of 84165725?
False
Does 76 divide 26736300?
False
Is 73347989 a multiple of 13?
True
Is 726 a factor of 396227568?
True
Is 1084 a factor of 446816986?
False
Does 12 divide 657972045?
False
Does 11 divide 4210473803?
False
Is 1768679 even?
False
Is 639888283 a multiple of 2892?
False
Is 408977278 a multiple of 57?
False
Is 10 a factor of 822598800?
True
Is 224503380 a multiple of 6?
True
Is 20880972 a multiple of 126?
True
Is 16878500 a multiple of 48?
False
Does 23 divide 557076744?
True
Is 345 a factor of 30485925?
True
Is 752 a factor of 335326440?
False
Does 4 divide 239019971?
False
Does 819 divide 39284973?
True
Does 102 divide 56343992?
False
Is 1168301871 a multiple of 33?
True
Does 15 divide 27012855?
True
Is 653 a factor of 137246647?
False
Does 433 divide 1009621444?
False
Is 269647080 a multiple of 120?
True
Is 17940312 a multiple of 108?
True
Does 375 divide 21149928?
False
Is 694323487 a multiple of 2687?
True
Is 7323395376 a multiple of 81?
False
Is 6566336 a multiple of 470?
False
Is 119 a factor of 229653159?
False
Is 185228322 a multiple of 22?
False
Is 1386 a factor of 336356528?
False
Does 150 divide 38544600?
True
Does 1023 divide 1406950606?
False
Is 159 a factor of 120982812?
False
Is 212 a factor of 326742668?
True
Is 188018039 a multiple of 9?
False
Is 96949704 a multiple of 2568?
True
Does 6 divide 29745990?
True
Is 4 a factor of 636612?
True
Does 7 divide 109048959?
False
Is 414182291 a multiple of 108?
False
Is 1936 a factor of 29075887?
False
Is 3856389 a multiple of 13?
False
Is 200 a factor of 15612248?
False
Is 232 a factor of 288003408?
True
Is 48900373 a multiple of 466?
False
Does 1241 divide 461886549?
True
Is 14 a factor of 688597949?
False
Does 44 divide 246282168?
True
Is 795 a factor of 60469290?
True
Does 2289 divide 62252017?
False
Is 6857163 a multiple of 9?
True
Is 1151782456 a multiple of 133?
False
Does 59 divide 184918449?
True
Is 353707695 a multiple of 85?
True
Does 673 divide 81483299?
False
Is 2698782 a multiple of 88?
False
Is 35 a factor of 658343700?
True
Does 370 divide 214264534?
False
Is 56114319 a multiple of 1076?
False
Does 1940 divide 39541080?
True
Is 3754255 a multiple of 31?
True
Is 57391020 a multiple of 38?
True
Is 73751625 a multiple of 75?
True
Is 545 a factor of 25038135?
False
Is 910 a factor of 140415313?
False
Is 46 a factor of 182175088?
True
Does 5 divide 9954?
False
Is 124369014 a multiple of 4?
False
Is 6991 a factor of 516613927?
True
Is 188785260 a multiple of 36?
True
Does 14 divide 144017468?
True
Does 58 divide 278511534?
True
Does 23 divide 1770869774?
True
Does 4 divide 34892491?
False
Does 89 divide 159176197?
False
Does 2780 divide 1037770022?
False
Is 267 a factor of 372910890?
True
Is 58500237 a multiple of 3733?
False
Is 4650040 a multiple of 8?
True
Is 753 a factor of 21555987?
False
Is 806 a factor of 44728912?
False
Is 3 a factor of 10720911?
True
Is 15493576 a multiple of 45?
False
Does 427 divide 24021285?
False
Is 21 a factor of 258753822?
False
Is 1442 a factor of 595214340?
True
Does 359 divide 4070701?
True
Is 9 a factor of 28306854?
True
Does 11 divide 230609477?
False
Does 34 divide 922549778?
True
Is 11 a factor of 25051420?
False
Is 292731810 a multiple of 138?
True
Is 588019 a multiple of 28?
False
Is 27876728 a multiple of 172?
True
Is 319367390 a multiple of 1412?
False
Is 152 a factor of 991553297?
False
Is 130 a factor of 177619000?
True
Does 1380 divide 80914575?
False
Is 5365792331 a multiple of 95?
False
Is 1498 a factor of 25391100?
True
Is 246 a factor of 269469630?
True
Is 165 a factor of 37730550?
True
Does 7280 divide 3820332880?
True
Is 866056808 a multiple of 10?
False
Is 158809878 a multiple of 9?
True
Is 48 a factor of 3715536?
True
Does 82 divide 844509964?
True
Does 225 divide 125066475?
True
Is 1435838742 a multiple of 39?
True
Does 408 divide 54962496?
True
Is 444 a factor of 407279424?
True
Is 182382520 a multiple of 76?
True
Does 5 divide 1247353?
False
Does 3334 divide 392685188?
True
Does 99 divide 33467612?
False
Is 496018141 a multiple of 10?
False
Does 167 divide 17246303?
False
Does 5 divide 135282872?
False
Does 16 divide 836007760?
True
Is 306327464 a multiple of 600?
False
Is 4585 a factor of 257319885?
False
Is 53564405 a multiple of 55?
False
Is 41548019 a multiple of 1578?
False
Is 736 a factor of 5377688?
False
Does 174 divide 1907082389?
False
Is 70355228 a multiple of 162?
False
Does 840 divide 885141718?
False
Is 188783532 a multiple of 18?
True
Is 14009108 a multiple of 6?
False
Is 173 a factor of 2274422764?
False
Is 38917340 a multiple of 370?
True
Is 26 a factor of 202831185?
False
Is 71169408 a multiple of 432?
True
Is 828 a factor of 113724274?
False
Is 444005238 a multiple of 334?
True
Does 939 divide 128562246?
True
Does 659 divide 10245473?
True
Does 103 divide 139159489?
True
Is 23 a factor of 72406957?
False
Is 10073373474 a multiple of 33?
False
Does 29 divide 199248275?
False
Does 6 divide 791379072?
True
Is 1634215542 a multiple of 631?
True
Does 359 divide 10296838?
True
Is 152 a factor of 21693136?
True
Is 18776472 a multiple of 11?
True
Is 24228342 a multiple of 54?
True
Does 74 divide 9161337?
False
Is 15 a factor of 35252302?
False
Is 233273878 a multiple of 265?
False
Is 85 a factor of 684457655?
True
Is 7 a factor of 72582187?
False
Is 583202160 a multiple of 72?
True
Is 27901077 a multiple of 110?
False
Is 15 a factor of 642094919?
False
Is 1771 a factor of 288972299?
True
Is 4847570741 a multiple of 14?
False
Does 514 divide 40983276?
True
Is 13 a factor of 56120974?
True
Does 113 divide 3137106?
True
Does 1597 divide 175074319?
True
Is 167244805 a multiple of 2683?
True
Is 54086801 a multiple of 47?
True
Is 67 a factor of 110739275?
True
Does 1256 divide 348276245?
False
Is 602726345 a multiple of 434?
False
Does 8 divide 9428168?
True
Is 49628440 a multiple of 169?
False
Is 71133804 a multiple of 252?
True
Is 144 a factor of 2876913043?
False
Is 7567540 a multiple of 705?
False
Is 619 a factor of 15370455?
False
Does 257 divide 116201265?
True
Is 34 a factor of 2465646?
True
Is 139150700 a multiple of 20?
True
Is 13452486 a multiple of 8?
False
Does 75 divide 1905398550?
True
Is 960 a factor of 135695952?
False
Is 603 a factor of 499496655?
False
Is 2 a factor of 590501451?
False
Is 531600 a multiple of 75?
True
Does 180 divide 29421470?
False
Is 10 a factor of 10145039?
False
Is 379 a factor of 75243628?
True
Is 289161075 a multiple of 85?
True
Is 136140573 a multiple of 6?
False
Is 11 a factor of 361667664?
False
Is 9 a factor of 5864839?
False
Is 595 a factor of 12187385?
True
Is 4364173 a multiple of 11?
True
Does 706 divide 141117398?
True
Is 3387 a factor of 61339147?
False
Is 97 a factor of 497656748?
False
Does 3 divide 2240053761?
True
Is 6 a factor of 2291952137?
False
Is 4089 a factor of 201870215?
False
Is 4 a factor of 41095004?
True
Is 3 a factor of 21731926?
False
Is 15 a factor of 161406963?
False
Is 97261306 a multiple of 3334?
False
Does 107 divide 120401084?
False
Is 1144 a factor of 1979233256?
True
Does 11 divide 987851128?
True
Is 578624271 a multiple of 23?
True
Is 76986308 a multiple of 28?
True
Is 7230 a factor of 3723701752?
False
Is 44717082 a multiple of 829?
False
Is 330319470 a multiple of 39?
True
Is 22467224 a multiple of 52?
True
Does 281 divide 7969971162?
False
Does 529 divide 67417876?
True
Is 123 a factor of 1462390911?
True
Is 1192774058 a multiple of 266?
True
Does 86 divide 32846496?
True
Is 554 a factor of 620961980?
True
Is 50059939 a multiple of 37?
False
Is 383 a factor of 2398128?
False
Is 434972881 a multiple of 368?
False
Does 1036 divide 6579